= 24*n**2 - 4*n - 3. Let d be v(-1). Calculate the greatest common factor of 10 and d.
5
Let a(h) = 4*h + 1. Let j be a(5). Suppose 2*i + 5*b - j = 9, -5*b = -4*i. What is the greatest common divisor of 1 and i?
1
Suppose 3*x - 4*x = 0. Suppose 4*j + 30 + 22 = 2*d, -4*d - j + 68 = x. What is the highest common divisor of d and 108?
18
Let x be (2 - 4)*(-82)/4. Suppose -5*r - 5*w - 115 = -0*w, 94 = -4*r - 5*w. Let c = x + r. What is the highest common divisor of c and 20?
20
Suppose -396 = 2*z - 106. Let o = 97 + z. Let a be (o/(-30))/((-2)/(-15)). What is the greatest common factor of a and 8?
4
Let i be (-320)/5*(-3)/6. Calculate the greatest common divisor of 16 and i.
16
Suppose -4*a = 2*k - 18, -6*k + 5*a = -2*k - 23. What is the highest common divisor of k and 35?
7
Suppose 199 = 5*v + 19. Suppose 4 = 5*d - 4*d. Calculate the highest common factor of d and v.
4
Suppose -56 = -3*z - 4*y, -22 = -z + y - 8. Calculate the greatest common factor of z and 2.
2
Let t(f) = -f - 4. Let i be t(-12). Let l = i - 8. Suppose -2*w - 3*x + 56 = 2*w, l = -3*x. Calculate the highest common divisor of w and 2.
2
Suppose 4*b - 275 = 9. Let r = -54 + 25. Let a = r + b. Calculate the highest common factor of a and 28.
14
Let d(c) = 2 - 2*c + 6*c**2 + 21*c**2 + 5*c. Let i be d(-2). Let z = 24 - 11. What is the greatest common factor of i and z?
13
Let y be (-8)/(-1) - 0/6. Let z = -5 + y. Let a be ((-2 - -2) + 1)*z. Calculate the greatest common factor of a and 6.
3
Let v = -51 - -91. What is the highest common divisor of v and 320?
40
Let b(q) = 3*q**2 + 33*q + 1. Let m be b(-11). What is the greatest common divisor of m and 9?
1
Suppose 6*d = d + 420. What is the highest common divisor of 12 and d?
12
Let y be -3*4/6*-3. Let z be (y/(-9))/1*-6. What is the greatest common divisor of z and 4?
4
Let p(a) = a**3 + 5*a**2 + 3*a. Let s be p(-4). Let u(q) = q**3 - 5*q**2 - q + 7. Let g be u(5). Let w be 4/6*3/g. What is the highest common factor of w and s?
1
Suppose -t - 22 = 30. Let y = t - -115. Calculate the greatest common factor of y and 7.
7
Let g be (0 + -6)*(-15)/10. Let a(j) = 3*j - 3. Let z be a(g). Calculate the greatest common divisor of 16 and z.
8
Let d = -36 + 5. Let j = d + 52. Calculate the greatest common divisor of j and 14.
7
Suppose -5*u + 4*u + 104 = 0. Let r = u - -17. What is the greatest common factor of r and 11?
11
Suppose 3*i - 2*c = 57, -i + 6 + 8 = c. Calculate the greatest common divisor of 153 and i.
17
Let p(i) = -3*i - 8. Let y = 5 + -13. Let t be p(y). Let z be -1 + 41 + 0 - 0. Calculate the highest common factor of z and t.
8
Let q(k) = k**3 - 3*k**2 - 7*k + 1. Let g be q(5). Let n be (132/g)/((-2)/(-8)). Let y be (-4)/6*(-34 - -1). Calculate the greatest common divisor of y and n.
11
Let i = -62 - -98. What is the greatest common divisor of 4 and i?
4
Suppose -3*w - 3*d = -39, -5*w - 3*d + 55 = -0*w. What is the greatest common factor of 48 and w?
8
Suppose k + 919 = 4*i, 0 = -5*i + k - 0*k + 1150. What is the highest common divisor of i and 21?
21
Let a be ((-2)/4)/(2/(-44)). Suppose 0 = 13*s + 6*s - 1045. Calculate the greatest common factor of s and a.
11
Let b be (-129)/(-15) - 4/(-10). Let s = b - 2. Let t be (-3)/1 - (s - 70). Calculate the highest common divisor of 12 and t.
12
Let t = 677 - 467. Calculate the greatest common factor of 42 and t.
42
Let v be 64/11 + (-18)/(-99). Let o(r) = r**3 - 10*r + 7. Let g be o(v). Let l = g - 106. What is the greatest common factor of 19 and l?
19
Suppose 2*w - 5*w - 561 = 0. Let a = -133 - w. Let z be (-4)/(-10) - (-534)/15. What is the greatest common divisor of z and a?
18
Let n be (-1 - (282 - -4))*-1. Calculate the highest common factor of 41 and n.
41
Suppose -5*h + 10 = -t, -10 = -4*h + 2*t + 4. Let y(p) = -p**2 + 6*p - 5. Let u be y(4). Calculate the greatest common factor of u and h.
1
Let d(b) = -4 + 12 + 4*b**3 - 8*b**2 - 3*b**3 - 7*b - 5. Let z be d(9). Calculate the highest common divisor of 42 and z.
21
Let c(d) = d**3 - 6*d**2 + 2*d - 6. Suppose 3*q = 2 + 4. Let r = q - -4. Let t be c(r). What is the greatest common factor of t and 6?
6
Let o be (-10)/(-2) - (1 - 0). Let a(h) = h + 8. Let d be a(-6). What is the highest common divisor of d and o?
2
Let y = -58 - -174. Suppose 3*x - y = 115. Calculate the highest common divisor of x and 7.
7
Let p = 8 + -2. Let c(y) be the third derivative of y**4/12 - 4*y**2. Let s be c(1). What is the greatest common divisor of p and s?
2
Suppose 5*k - 81 - 44 = -4*u, 0 = k + 5*u - 46. Calculate the highest common divisor of k and 63.
21
Let c be (-12)/36 - (184/6)/(-2). Suppose 4*l - l - 135 = 0. What is the greatest common factor of c and l?
15
Let n be (6/2 + -2)/(3/27). Calculate the highest common divisor of n and 9.
9
Suppose 30 = 3*a - 3*n, 3*n + 24 + 34 = 5*a. Calculate the greatest common divisor of a and 98.
14
Let c be (1/(-2))/(7/(-42)). Suppose -31 = -r - 4*s - 0*s, -c*r = 3*s - 102. Calculate the highest common factor of r and 14.
7
Let i = 13 + -2. Suppose 2*a + a = 0. Let s(q) = -q**3 - q + 88. Let x be s(a). What is the greatest common factor of i and x?
11
Suppose 6 = 3*m, 6 = 4*u - 0*u + m. Let r be u + 1 - 8/(-1). Suppose -3*p + 2*b + 80 = 0, -10 = -p + 5*b - b. What is the highest common divisor of p and r?
10
Suppose -x + 30 = 3*x - t, 3*x - 5*t = 14. Suppose 2 + x = 2*z - p, 4*z - 26 = -p. Calculate the highest common divisor of 9 and z.
3
Let c be 0*(-2)/(2/(-1)). Suppose -2*b + c*b = -2*k + 50, -4*b + 50 = k. Let p be 8 + -12 + 1 + 13. Calculate the highest common divisor of p and k.
10
Let j(z) = z**2 + 7*z + 3. Let k be j(5). What is the highest common factor of k and 9?
9
Suppose 99 + 146 = 7*r. What is the greatest common factor of 7 and r?
7
Suppose 14 = 4*t - 18. Calculate the greatest common divisor of t and 8.
8
Suppose -2 = -3*n + 16. Let k = -394 + 267. Let u be k/(-3) - (-17)/(-51). Calculate the greatest common divisor of u and n.
6
Suppose -2 = -4*x + 10. Suppose -f - w + 4*w = 10, -4*w = -x*f - 5. Suppose -y = -35 - f. What is the greatest common divisor of y and 5?
5
Let g(h) be the first derivative of 2*h**3/3 - 3*h**2 + 4*h - 8. Let w be g(4). Let l be 177/6 - 2/(-4). Calculate the highest common divisor of w and l.
6
Suppose 8*l - 11 = 7*l. Let s = l - 7. Calculate the greatest common factor of s and 4.
4
Suppose -8 = -n - 2. Let j(x) = x**3 - 5*x**2 + x - 6. Let f be j(n). Calculate the greatest common factor of 18 and f.
18
Let i(k) = k**3 - 8*k**2 + 9*k + 3. Let t be i(7). Let q = t + -9. What is the highest common divisor of 40 and q?
8
Let a be 4*(-1)/(1/(-2)). Let h be 8/(5/(10/4)). Suppose 0*d = h*d - 128. What is the greatest common divisor of a and d?
8
Suppose 2*q + 0*a = -3*a - 5, 0 = -4*a - 12. Suppose -2*j - 3*l + q*l = -11, 30 = 5*j + 5*l. What is the greatest common factor of j and 5?
5
Suppose 5*r = 130 - 30. Calculate the highest common factor of r and 10.
10
Let q be (-24)/(-84) - 4/14. Suppose q*l = 3*l - 189. What is the highest common divisor of l and 7?
7
Let y be 9/12 + (-95)/4. Let k = y - -57. What is the highest common factor of 17 and k?
17
Let m(o) = o**2 + 6*o. Let y be m(-6). Let n be 1 + 110/(2 + y). What is the highest common factor of 14 and n?
14
Suppose 1 = -3*w - 5. Let n = w + 3. Let d be n - 3*98/(-3). What is the highest common factor of 11 and d?
11
Let s(i) = -2*i - 5*i - 3*i. Let t be s(-1). Let a(n) = 71*n - 1. Let d be a(1). Calculate the greatest common divisor of t and d.
10
Let y = 43 + -41. Suppose 0*n + 2*n = 4. Calculate the greatest common divisor of y and n.
2
Suppose 0*d + 21 = l + 4*d, 4*l = -5*d + 51. Calculate the greatest common divisor of l and 36.
9
Let f(d) = -d - 7. Let n be f(-7). Suppose 0 = -n*y + 5*y - 40. What is the greatest common divisor of y and 40?
8
Suppose 3*q - 4 - 5 = 0. Suppose q + 4 = m. Let g(t) = -8*t**3 - 2*t**2 - 2*t - 1. Let c be g(-1). Calculate the highest common factor of m and c.
7
Suppose 4*k - 208 - 276 = u, -5*u + 605 = 5*k. What is the highest common factor of 11 and k?
11
Let u be (142 - -1)/(-4 - -5). Suppose 6*i - 2*i = 936. Let w = i - u. What is the highest common factor of 13 and w?
13
Let q(v) = -v**3 - 4*v**2 + 20*v - 15. Let f be q(-8). What is the greatest common divisor of f and 9?
9
L